ainder when 11 is divided by (2/x)/(6/36).
2
Suppose 0 = -3*a - a + 8. Let s = 2266 - 2261. Calculate the remainder when s is divided by a.
1
Let v = 86 + -86. Calculate the remainder when 101 is divided by (34 + v)*(1 + (-2)/4).
16
Let u(z) = z**2 + 4*z. Let s(k) = k - 10. Let q be s(14). Suppose 0 = 3*p - q*p + 16. What is the remainder when u(6) is divided by p?
12
Let g be (0 + -1)/((-1)/(-121)). Let l be g/(3 + -1 + -3). Let i = -67 + l. What is the remainder when i is divided by 14?
12
Let r = -727 + 780. Calculate the remainder when 123 is divided by r.
17
Suppose -d + 55 - 39 = 0. Calculate the remainder when d is divided by 8.
0
Let r be 2820/50 - (-4)/(-10). Suppose -r = 10*s - 276. What is the remainder when s is divided by 8?
6
Let z = -6 - -5. Let q = 22 - z. Suppose -17 = -4*g + q. What is the remainder when 19 is divided by g?
9
Let b be -1 - (0 - 10)/(-1). Let w(i) = 2*i**2 + 44*i + 74. Let k be w(-20). Let a = k - b. Calculate the remainder when 7 is divided by a.
2
Let v be -11 + 8 - (-3)/(-1). Let w be (-140)/v + (-9)/27. Suppose 3*p - 10 = w. Calculate the remainder when 29 is divided by p.
7
Let o = 38 + -31. Suppose 17 + 17 = a. Calculate the remainder when a is divided by o.
6
Let j(a) = 5*a + 1. Let o(g) = 15*g**2 - g. What is the remainder when o(-1) is divided by j(1)?
4
Let z(a) be the third derivative of -a**3/6 - a**2. Let n(m) = -m - 7. Let l(h) = -n(h) + 5*z(h). Calculate the remainder when 19 is divided by l(3).
4
Let m(h) = 17*h**3 + 3*h**2 + 5*h + 2. Let j be m(-1). Calculate the remainder when -1 - j - (3 + -6) is divided by 8.
3
Suppose -3*c + 52 = -4*r + 377, 0 = -2*r + c + 163. Calculate the remainder when 211 is divided by r.
47
Let t(u) = 35*u - 260. What is the remainder when t(11) is divided by 18?
17
Suppose v + 4*i + 4 = 16, 2*v + i + 11 = 0. Let g = 27 + v. Calculate the remainder when g is divided by 4.
3
Let s = -53 + 259. What is the remainder when s is divided by 19?
16
Suppose -2*t - 588 + 634 = 0. What is the remainder when 52 is divided by t?
6
Let j = -61 - -60. Calculate the remainder when (-2)/j*282/12 is divided by 17.
13
Suppose -2*x + 5*a = 77, -2*x + 5*a = 2*x + 159. Let r = x - -76. What is the remainder when r is divided by 13?
9
Calculate the remainder when 1/(-7) + (-2 - 2103/(-21)) is divided by 58.
40
Suppose 0 = -10*m + 5*m - 100. Let u = m + 65. What is the remainder when u is divided by 12?
9
Let b = -10 + 20. Let l be -1 + 0 - (7 - b). Suppose -123 = -3*a - 3*f - l*f, 2*a = f + 95. What is the remainder when a is divided by 16?
14
Let y(p) = 4*p**2 + p + 1. Let w be y(-1). Suppose -3*f = -65 - 154. Suppose f + 23 = w*q. Calculate the remainder when q is divided by 13.
11
Let b be (-30)/(-8)*(-8)/3. Let j = b + 32. Calculate the remainder when (-3)/1 - 44/(-1) is divided by j.
19
Let j = 60 - 26. Suppose -79*s = -2221 - 2993. Calculate the remainder when s is divided by j.
32
Let o = -18 - -6. Suppose i + 24 = b, -4*b + 84 = -i - 0*i. Let j = b + o. Calculate the remainder when j is divided by 6.
2
Let o = 6 + -4. Suppose -2*f + a = -277, o*f = f + a + 140. What is the remainder when f is divided by 28?
25
Let v(m) = -m**2 - 6*m + 9. Let j = -5 - -1. Suppose -5*n + n = -196. What is the remainder when n is divided by v(j)?
15
Suppose 13*y = 511 + 373. Let i = y + -57. What is the remainder when i is divided by 3?
2
Let r = -214 - -306. Let q = -50 + r. Calculate the remainder when 13 is divided by (-17)/(-2) - q/28.
6
Suppose 0 = -d + 2*d + 33. Let a = 58 + d. Calculate the remainder when a is divided by 16.
9
Suppose -4*a - 126 = -7*a. Suppose -3*u + 3*j + 312 = 0, 2*j = -u + 56 + a. What is the remainder when u is divided by 13?
11
Suppose -1222 = -16*r - 70. Calculate the remainder when 143 is divided by r.
71
What is the remainder when 404 is divided by (7776/384)/(6/8)?
26
Let v(a) = a. Let g be v(0). Suppose g = -t - 2*t + 27. Let s = -2 + t. What is the remainder when s is divided by 2?
1
Let t = -24 - -29. Calculate the remainder when ((-3)/t)/(102/(-50) - -2) is divided by 4.
3
Let r(f) = 2*f**2 + 2*f - 9. Let d(m) = -2*m + 1. Let u be d(-2). Calculate the remainder when r(u) is divided by 18.
15
Suppose 12 = -6*o + 96. What is the remainder when 68 is divided by o?
12
Let i = -11 + 80. Calculate the remainder when i is divided by 3 + 1 + (-10)/((-10)/5).
6
Let m(j) = 17*j - 8. Let x(o) = 3*o**3 + 9*o**2 - 16*o - 9. What is the remainder when m(6) is divided by x(-4)?
3
Calculate the remainder when 23 is divided by (-2*2/2)/(8/(-28)).
2
Let d(v) = v**3 + v**2 + 3*v - 4*v**3 - v**3 + 0 + 1. Suppose -6*p + 24 = -4*p + 5*g, 4*p = -g + 66. Calculate the remainder when d(-2) is divided by p.
14
Let r be (-430)/(-15)*(-21)/(-14). Let o(c) = -c**3 + 9*c**2 - 7*c. Let d be o(6). Let n = d - r. Calculate the remainder when 66 is divided by n.
20
Let t = 186 + -179. What is the remainder when 22 + -3*8/(-12) is divided by t?
3
Let u(v) = v**2 + 15*v + 25. Let o(h) = -27*h**3 - h**2 - 2*h - 2. What is the remainder when u(-19) is divided by o(-1)?
23
Let u = 13 + -10. Suppose -4*l - u*f + 152 = 8, -5*l - 2*f = -173. Suppose 6 - l = -3*n. Calculate the remainder when 17 is divided by n.
8
Calculate the remainder when -29*(4 - (13 - 6)) is divided by 9.
6
Let p(q) = 9*q - 66. Let b be p(19). Let o = -73 + b. What is the remainder when o is divided by 14?
4
Let m(t) = t**3 - 25*t**2 + 168*t + 42. Calculate the remainder when m(13) is divided by 72.
54
Let j = -29 - -31. Suppose -j*o - 1 = -3*m - 8, -4*m + 5*o - 21 = 0. Suppose c = p + m, -1 = -0*p - 2*p + c. What is the remainder when 6 is divided by p?
0
Let f = 5 + -1. Let l(y) = 9*y + 3. Let x be l(1). Calculate the remainder when f/x*3*37 is divided by 13.
11
Let c = 98 - 65. Calculate the remainder when 195 is divided by c.
30
Let q(p) = -28*p - 6. Let b be q(-5). Suppose 820 + b = 6*d. What is the remainder when d is divided by 18?
15
Let d(i) = 2*i**2 + 2*i - 6. Let u be d(-3). Let q = 45 + u. Calculate the remainder when q is divided by 18.
15
Let x = 66 + -39. Suppose 2*g = -g + x. Suppose 129 = 6*a - 69. Calculate the remainder when a is divided by g.
6
Let o(f) = -2*f**3 + f**2 - 3*f - 2. Let y be o(-2). Let m(s) = -17*s. What is the remainder when m(-1) is divided by (16/y)/((-2)/(-30))?
7
Let t = -133 + 215. Suppose -105 = -7*d + 2*d. What is the remainder when t is divided by d?
19
Suppose -97 = -m - 11. What is the remainder when m is divided by 9 + 12 + (11 - 1)?
24
Suppose 4*n + 6 - 68 = 5*w, 5*w = 5*n - 75. Suppose 46*h - 499 = 1019. What is the remainder when h is divided by n?
7
Suppose -5 = 19*t - 20*t. Suppose 5*i - 8 = 7. Suppose -b + 150 = t*c, -83 = -i*c + 5*b + 7. Calculate the remainder when 88 is divided by c.
28
Let d = 12 + -12. Suppose 3*b = -4*l + 89, l + 4*b - 6 = -d. Calculate the remainder when l is divided by (-266)/(-35) - (-3)/(-5).
5
What is the remainder when (-182)/6*(-1530)/357 is divided by 116?
14
Suppose -5*m + 97 + 48 = 0. Let n = 30 + -20. Let o = 18 - n. Calculate the remainder when m is divided by o.
5
Let q = 7 - 4. Calculate the remainder when 8*(-6)/(-16) + -1 + 1 is divided by q.
0
Suppose 0 = -2*q + 4, 5*v + 6*q = 5*q + 3682. What is the remainder when v is divided by 9?
7
Let d = -171 + 197. Suppose 0 = 5*w + 2*s - 124 + 50, w - 5*s = 4. Calculate the remainder when d is divided by w.
12
Let o(g) be the second derivative of -4*g**3/3 + g**2 - 7*g. Let x = 7 - 9. Calculate the remainder when o(x) is divided by 5.
3
Suppose 3*t = -3*d + 57, 3*d - d - 37 = -3*t. Suppose d*i - 331 - 329 = 0. Calculate the remainder when i is divided by 9.
6
Suppose 3*d - 180 = -144. Calculate the remainder when 347 is divided by d.
11
Let c(j) = j**3 + 5*j**2 - 2*j - 7. Let s be c(-5). Suppose o - 13 = a + s, -4*o = -3*a - 64. Calculate the remainder when 2*2*28/o is divided by 2.
1
Let w(p) = p**3 - p**2. Let c(t) = -t**3 - 2*t**2 - t. Let y be c(-2). Let v be w(y). What is the remainder when ((-2)/(-4))/(v/24) is divided by 3?
0
Calculate the remainder when 1812 is divided by 3/((-18)/(-42)) - (4 + -8).
8
Suppose -3*j + 21 = 4*b, 2*b + j + 4 - 13 = 0. Suppose -2*u - b*t = -5*t - 70, -2*u = -3*t - 71. What is the remainder when 99 is divided by u?
31
Suppose 0 = -5*r + 29 + 26. Let f(l) = -6*